uppose -3*s + 65 = -w, g*s + 3*w + w = 48. List the prime factors of s.
2, 11
Let c = -8 - -6. Let s = -13 - c. Let i = s - -20. List the prime factors of i.
3
Let v(w) = -w - 1. Let q(y) = 4*y - 6. Let d(h) = q(h) + 6*v(h). What are the prime factors of d(-8)?
2
Let o = 1 + 4. Suppose -w = -o*w + 104. What are the prime factors of w?
2, 13
Suppose 2*w + z + 3*z - 664 = 0, 0 = 3*w + z - 1011. Suppose w - 90 = 4*p. Suppose -j + 6*j + r = 92, 5*r + p = 4*j. List the prime factors of j.
2, 3
Let k(y) = y**2 + 3*y - 4. What are the prime factors of k(5)?
2, 3
Let g be 7*2/((-6)/(-9)). Suppose -3*q + 4*q - g = 0. What are the prime factors of q?
3, 7
What are the prime factors of 375/(-50)*24/(-5)?
2, 3
Let c = -11 - -15. Suppose -c*j - 5 - 3 = 0. List the prime factors of -1 - (j - -1 - 4).
2
Let b(y) = -3*y - 14. Let h = -3 - 3. List the prime factors of b(h).
2
Let n be 1/4 + (-6)/24. Suppose n = -3*l - 4*f + 31, -5*l + 7 + 2 = -4*f. What are the prime factors of l?
5
Suppose -l + 4 = 0, -l = -2*c - 3*c - 4. Suppose c = -5*r + r + 20. What are the prime factors of r?
5
Suppose 2*m + 11*m = 4134. List the prime factors of m.
2, 3, 53
Suppose -3*c - 19 = -2*r, 0*r = -2*c - r - 1. What are the prime factors of (c*2)/(-3) + 24?
2, 13
Suppose 4*s = -10 - 6. Let r be (-7)/s + (-1)/(-4). Suppose 0 = -r*z - 3*h + 10, -4*z + h + 42 = z. List the prime factors of z.
2
Let o = 14 + 143. What are the prime factors of o?
157
Let n = 13 + -5. What are the prime factors of n?
2
Let p(z) = -4*z - 12 - 8*z - 6*z + 16*z. List the prime factors of p(-11).
2, 5
Let n = 0 - -4. Suppose p - 3*p = -n. List the prime factors of p.
2
Let d = 0 + 1. Suppose 0 = t - 0*t - d. Suppose 31 = 4*u - t. List the prime factors of u.
2
Let s = 20 - 5. What are the prime factors of s?
3, 5
Let g(l) = 6*l - 2. Let p = 5 + -5. Suppose p = -3*c - 2 + 8. What are the prime factors of g(c)?
2, 5
Suppose f + 4*i + 7 = -7, 6 = -f - 2*i. What are the prime factors of 66*4/24*f?
2, 11
Suppose -2*t - 14 - 8 = 0. Let s = 4 - t. List the prime factors of s.
3, 5
Let i be (-29)/(-5) + (-3)/(-15). List the prime factors of i/2 - 0 - -5.
2
Let o(a) be the second derivative of -a**5/20 - 5*a**4/12 - a**3/6 + 3*a**2/2 - a. What are the prime factors of o(-5)?
2
Suppose -2*x + v + 14 + 0 = 0, 3*x + 4*v = 10. List the prime factors of x.
2, 3
Let y = -11 - -207. What are the prime factors of y?
2, 7
List the prime factors of ((-198)/4 + 1)/((-10)/20).
97
Let l(c) = 4*c + 4. Let m(r) be the second derivative of 7*r**3/6 + 9*r**2/2 + 2*r. Let j(o) = -5*l(o) + 3*m(o). List the prime factors of j(-5).
2
Let f be 2/(-1 + 0 - 1). Let o be f/2 - 11/2. What are the prime factors of 1/o + (-19)/(-6)?
3
Suppose 0*m - m = 2*a + 26, -3*a - 51 = 2*m. Let d = 57 + m. Suppose b = -4*b + 5*r + 30, 5*r = -2*b + d. What are the prime factors of b?
3
Let v = 11 + -20. Let c(w) be the first derivative of -w**4/4 - 3*w**3 - w**2/2 - 3*w - 5. List the prime factors of c(v).
2, 3
Suppose 2*i = -i + 57. Suppose 6 - i = -m. What are the prime factors of m?
13
Suppose -4*m + 44 = 3*l + l, -3*l = -3*m - 39. List the prime factors of l.
2, 3
Let b = -25 - -20. Let p(u) = -4*u - 3 - 4 + 0*u. List the prime factors of p(b).
13
Let u = 244 + -135. What are the prime factors of u?
109
Suppose 0*s - 5*u + 11 = s, -3*u = -4*s + 90. Suppose 2*d = -4*l + 14, 4*l - s = -4*d - 9. What are the prime factors of l?
2
Let j be (-1)/(-3) - (-14)/3. Suppose 0 = w - 3*z - j - 0, 20 = 4*w - 4*z. Suppose 0 = -w*h, 4*h + 2 = -2*i + 18. What are the prime factors of i?
2
Let d(k) = k**3 - 15*k**2 - 37*k + 15. List the prime factors of d(18).
3, 107
Let f(h) = 11*h**3 - 5*h**2 + 10*h - 8. What are the prime factors of f(3)?
2, 137
Let h(s) = -76*s**3 - 2*s**2 - 2*s - 1. List the prime factors of h(-1).
3, 5
Let q be -3*(2 - (-8)/(-3)). Suppose -6*c + q*c = -4. What are the prime factors of 1/((-8)/(-7) - c)?
7
Let n be (-50)/(-6) + (-3)/9. Let t = -4 + n. Suppose -r + t = -4*r + 2*w, 7 = r + w. What are the prime factors of r?
2
Suppose 6 = -0*q + 3*q. Suppose 57 = q*c + 5*t - 58, 230 = 5*c + t. List the prime factors of c.
3, 5
Let a = 169 - 42. List the prime factors of a.
127
Suppose -208*f + 202*f = -1248. What are the prime factors of f?
2, 13
Suppose 0 = -3*s + 82 + 122. Suppose s = 2*a + l + l, 5*a = 5*l + 160. Suppose -3*h = -a - 12. List the prime factors of h.
3, 5
Let q(g) = -g - 5. Let u be q(-5). Suppose u = -n + m - 12 + 41, -4*n + m + 104 = 0. What are the prime factors of n?
5
Suppose -9*i + 7*i - 336 = -5*f, 5*i + 279 = 4*f. What are the prime factors of f?
2, 3, 11
Let a(w) = 3*w**2 - 2*w + 5. List the prime factors of a(4).
3, 5
Let t(s) = -s**3 + 6*s**2 + s - 3. What are the prime factors of t(6)?
3
Suppose 240 = -0*r + 3*r. What are the prime factors of r?
2, 5
Suppose -2*r = -5*n + 33, 4*r - 14 = 5*n - 55. Suppose -5*y - 5*f - 60 = -10, -15 = n*f. Let x(t) = -t**2 - 7*t + 8. What are the prime factors of x(y)?
2
Let u(g) = -10*g + 16 + g**3 + 10*g. List the prime factors of u(0).
2
Let a = 13 - 20. Let y = 11 - a. Suppose y = -2*m + 4*m. List the prime factors of m.
3
Let b be 1*3/3 + 7. Let j = 18 - b. Suppose 5*w - j = 3*w. What are the prime factors of w?
5
Suppose 3*z = -j + 129, 5*z - 41 = j - 178. List the prime factors of (3/6)/(2/j).
3, 11
Let i = 76 - 42. List the prime factors of i.
2, 17
Let k = 8 + -2. Let b be k/((4/3)/(-2)). Let i = -5 - b. List the prime factors of i.
2
Suppose -348 = -4*c - 0*c. What are the prime factors of c?
3, 29
Suppose 0*y = -w - 2*y + 34, w - 4*y = 40. Let d = w + -24. What are the prime factors of d?
2, 3
Let c(a) = a**2 - 15*a - 10. Let t(q) = -q**2 + 16*q + 11. Let o(w) = -6*c(w) - 5*t(w). List the prime factors of o(10).
5
Suppose 33 + 39 = 2*v. What are the prime factors of v?
2, 3
What are the prime factors of -5 + 1 + 7*2?
2, 5
Let q = -39 + 124. List the prime factors of q.
5, 17
Suppose 4*o - 3*o - 11 = 0. List the prime factors of o.
11
Let d(r) = -r**2 + 3*r - 2. Let x be d(2). Let h(p) = 2*p**2 + 8*p. Let s be h(-5). Suppose 2*i - s = -x*i. List the prime factors of i.
5
Let k(m) = -m**3 + 5*m**2 + 6*m. Let u be k(6). Suppose u*w - 5*w = -70. List the prime factors of w.
2, 7
Let v be ((-15)/(-10))/(1/2). Let h(d) = 7*d - 3. List the prime factors of h(v).
2, 3
Suppose 7*y - 4*y - 9 = 0. Let u(k) = 10*k**3 - 2*k + 0 + 2*k**2 + 1 - 2*k**y. What are the prime factors of u(1)?
3
Let y(p) = -12*p. What are the prime factors of y(-2)?
2, 3
Suppose -5*p - 2*u + 13 = 0, 3*p - 5*u = -0*p + 14. Suppose -2*b - 2*f = -106, p*b - f + 2*f - 159 = 0. List the prime factors of b.
53
Suppose -s + 3 = 6, -2*h + 5*s + 53 = 0. What are the prime factors of h?
19
Let x be (-2)/11 - 4/(-22). Let t be -2 - ((15 - 2) + x). List the prime factors of (9/15)/((-1)/t).
3
Suppose -3*l + 7 = -5. Let y = 1 + -1. Suppose -5*o + 75 = 3*w + 19, -l*w - 3*o + 60 = y. List the prime factors of w.
2, 3
Suppose 0*q = 5*q - 150. What are the prime factors of q?
2, 3, 5
Suppose -2*d - 2 = -8. Suppose -d*l + s + 78 = 0, -57 = 4*l + s - 154. What are the prime factors of l?
5
Let c be (1/2)/((-2)/(-12)). Let j be 14 - (-2)/(-4)*4. Suppose 0*b = b + c, -2*b + j = 3*m. List the prime factors of m.
2, 3
What are the prime factors of (-21)/(1/(-1)) - -4?
5
Let b(z) = 9*z + 1. Let q be b(-3). Let y = q - -44. List the prime factors of y.
2, 3
Let y(x) = x**2 + 6*x - 12. List the prime factors of y(-10).
2, 7
Let s(g) be the second derivative of 41*g**4/12 - g**3/3 + g**2/2 + g. Let k be s(1). Suppose 2*y = -3*y + k. List the prime factors of y.
2
Suppose -13*z + 20 = -12*z. What are the prime factors of z?
2, 5
Suppose -14*w - w + 2730 = 0. List the prime factors of w.
2, 7, 13
Let h be (-4)/6*(-90)/(-20). Suppose 4*o + o = 40. Let q = o + h. List the prime factors of q.
5
Suppose 0 = -4*x + 10 + 14. Suppose h - x = -3. Suppose -3*s + 5*l = -14, -2*s - h*l = 2*l - 1. List the prime factors of s.
3
Suppose -5*g = -289 + 19. List the prime factors of g.
2, 3
Suppose -9 + 233 = 4*g. Let u = -34 + g. List the prime factors of u.
2, 11
Let b = -5 + 3. Let z = b + 28. What are the prime factors of z?
2, 13
Let w(s) = 15*s + 36. List the prime factors of w(14).
2, 3, 41
Let c(f) = 2*f**3 + 2*f**2 - f. Let p(i) = i - 5. Let s